 - 197 = 3*t. Is t a prime number?
False
Suppose 6299 = 7*y - 1219. Let t = -763 + y. Is t a prime number?
True
Let p(q) = 4*q**3 - 11*q**2 - 46*q - 3. Is p(10) prime?
True
Is (-2)/((-3 - 9)/(-2))*-9357 a composite number?
False
Is (67215/6)/((-35)/(-14)) prime?
True
Suppose -6*h = -h - 755. Suppose 3*y = 19 + 5. Let v = h + y. Is v prime?
False
Suppose -6*q - 119046 = -12*q. Is q composite?
False
Let s(l) = -l - 11. Let t be s(-16). Suppose 12 + 6 = 3*x - 3*b, -t*b = 5. Let k(r) = 3*r**3 + 5*r**2 + 2*r - 8. Is k(x) prime?
False
Suppose 59 = -5*y + 4*v - 35, -5*y - 5*v = 130. Let i = y + 22. Suppose g = -n + 688, -2*g + i*g - 673 = -n. Is n composite?
False
Let f(x) = -3*x - 19. Let q be f(-10). Suppose q*n = -6880 + 48097. Is n prime?
False
Let k be 20880/3 + 0*1/(-2). Let m = k - 3689. Is m a composite number?
False
Suppose -49*u = -7*u - 1169574. Is u prime?
True
Let x(o) be the first derivative of 9*o**2/2 + 58*o + 2. Is x(17) a composite number?
False
Let v = -62 + 66. Suppose -178 = -v*d - 3*s, 3*s - 40 = 4*d - 5*d. Is d a prime number?
False
Let r(q) = -585*q - 241. Is r(-12) a composite number?
False
Suppose -2*n + 2*p + 642 = -220, 870 = 2*n + 2*p. Let w = 2200 + n. Is w composite?
False
Let y = 3625 + -1986. Is y a prime number?
False
Let y = 24264 + -17226. Suppose -4*n - c + y = 0, -2*n - c = -0*n - 3520. Is n prime?
True
Let v be ((-2)/(-1))/((-2)/(-4)). Suppose -14 = -v*c + 6. Suppose 0 = -c*j - 19 + 4, -3*n = -4*j - 177. Is n composite?
True
Suppose 3*c - 23899 = 5*t - 8252, 26049 = 5*c - t. Is c a prime number?
True
Suppose 2*m + o = -130, -2*o - 3*o - 188 = 3*m. Let r = 123 + m. Is r a composite number?
True
Let u(k) be the second derivative of -k**5/10 - k**4/6 - k**3/3 + k**2/2 - 12*k. Is u(-5) composite?
False
Suppose 0 = 2*s + 4 - 10. Suppose s*r - 3*i + 3 = 0, 8*r - 10 = 3*r + 2*i. Suppose -103 = -t - r*b, 0 = -3*t + 4*b + 214 + 31. Is t prime?
False
Suppose -5*c + 2*w - 2095 = 3*w, c = -w - 415. Let h = c - -863. Is h a composite number?
False
Let d(h) = -h**3 + h**2 + h + 3. Let k be d(0). Suppose -4*j - 9 = k*o - 31, 4 = j. Suppose -r + 5*q + 27 = -267, -o*q = 5*r - 1497. Is r a prime number?
False
Is (-41628)/(-6) - -1 - -8 composite?
False
Suppose 3*t - 14885 = 4*n, 3*t + n = -t + 19853. Is t a prime number?
False
Let m(z) = 12*z**3 - 5*z**2 - 4*z + 5. Let i be -11 + 16 + (-2 - -1). Is m(i) prime?
True
Suppose 0 = 9*l - 82 + 1. Suppose l*y - 16*y + 2051 = 0. Is y a composite number?
False
Suppose -5*z = -4*y + 8602, -2*z - 1492 - 657 = -y. Is y a composite number?
False
Suppose y - 60 + 348 = 0. Let g = y + 465. Is g a composite number?
True
Let r = 1841 + 10206. Is r composite?
True
Suppose -6 - 4 = -2*t. Suppose 2*i = t*i + 387. Let u = i + 436. Is u prime?
True
Let w be 7/((-21)/(-9)) - 1. Suppose -u = w*v - 2033, 3*u - 2*v - 3385 = 2714. Suppose 5*a = 2792 + u. Is a a composite number?
True
Suppose -3*i - 3 = 0, 0 = 2*l - 3*i - 3379 + 1200. Let u = -531 + l. Is u a composite number?
False
Suppose -3*k + k - 14 = 0. Let x(i) = 59*i**2 + 8*i - 16. Is x(k) a composite number?
False
Suppose -3*u + 4*i + 1 = 6, 5*u - 2*i = 15. Suppose u*j + 5*m = 8305, -m - 7424 = -5*j + 857. Is j composite?
False
Suppose 6 = 3*r, 3*r = 3*n - 2*r - 23933. Is n a composite number?
True
Suppose 3*x + 7785 = -0*x. Is -3 - x/(-6)*-2 a composite number?
True
Let z = 4 - 7. Let c be (-7 - z)*(-3 + 2). Suppose -41 = -c*r + 35. Is r composite?
False
Let v(g) = g**3 - 7*g**2 - 7*g - 8. Let c(m) = -5*m**3 + 29*m**2 + 29*m + 33. Let o(p) = 2*c(p) + 9*v(p). Is o(-5) a composite number?
False
Let p(k) = -k**2 + 13*k - 33. Let u be p(9). Suppose 4*s - 10138 = -2*v, -u*s - 3*v = s - 10141. Is s composite?
True
Let h(v) = 2 + 4*v**2 - 13 + 0 - 5 + 3*v. Let x(j) = j**2 + j - 5. Let t(b) = 4*h(b) - 11*x(b). Is t(8) prime?
False
Let b be (2086/(-8))/(3/(-24)). Let n = b + -423. Is n a composite number?
False
Let l = 34847 - 20082. Is l prime?
False
Let l(h) be the third derivative of h**6/60 - 11*h**5/60 - 17*h**4/24 + 11*h**3/6 + h**2. Let d be l(-17). Is d/(-20) - (-2)/(-8) a prime number?
False
Let y = 328 - 221. Let i = -76 + y. Is i a composite number?
False
Is (-5571459)/157*(1/3)/(-1) a prime number?
False
Suppose -3*l - 5*p + 37 = 0, -4*l - p - 9 = -6*p. Let h = 3914 - 2077. Suppose 2*s - h = -l*t + 145, s = 3*t + 1006. Is s a composite number?
False
Let u(h) be the first derivative of h**2 - 8*h - 1. Let n be (-225)/(-20) + 9/(-36). Is u(n) prime?
False
Let l = 1729 - 1222. Suppose 4*c + 1032 = c. Let x = l + c. Is x prime?
True
Suppose -o - 5 = 0, -5*k + 2*o = -0*o - 10795. Suppose -k = g - 4*g. Is g prime?
True
Suppose 78*y - 71*y - 44947 = 0. Is y prime?
True
Let l(q) = 4928*q - 143. Is l(8) a prime number?
False
Let w = -651 + 730. Is w a composite number?
False
Let a(g) = -18*g**2 + 8*g + 5. Let b(v) = -53*v**2 + 23*v + 16. Let h(z) = 17*a(z) - 6*b(z). Is h(6) prime?
True
Suppose -42*w - 81722 + 465224 = 0. Is w composite?
True
Let b = 22 + -22. Suppose 0 = -b*t - t + 5. Suppose t*a - 631 = -i, -2*a - i = -4*a + 258. Is a composite?
False
Suppose 12430 = 170*f - 148*f. Is f a prime number?
False
Suppose 0 = 3*b - b + 4. Let h be b*3*(-6)/6. Suppose h*n = 4*n - 2, -5*a = -2*n - 1057. Is a a composite number?
False
Suppose 0 = -7*o + 4*o + 12. Suppose -5*a = 4*f - 4549, 4*f = o*a + 94 + 4482. Is f composite?
True
Suppose -3*r + 5*v + 5 = v, -4*v - 11 = -5*r. Suppose -r*z + 200 = y, 4*z = y - 131 - 104. Is y a prime number?
False
Let g be -1*4/4*-4261 - 0. Let c = 7224 - g. Is c a composite number?
False
Suppose -7*t + 7 = -4*t + 4*f, -5*t + 5*f + 35 = 0. Suppose 4*r + t*k = 2*r + 1697, 2*k + 1676 = 2*r. Is r prime?
False
Let z = 3368 + -1349. Let d = z + -1046. Is d a prime number?
False
Let m(l) = l**2 + l. Let j be m(0). Suppose -4*b = b. Suppose b = a + s - 447, -s - 1 - 3 = j. Is a prime?
False
Let q be 108/20 + (-8)/20. Let x(j) = 28*j**2 - 2*j - 17. Is x(q) composite?
False
Suppose -2*n - 34 = -6*n + 2*k, -5*n - k + 60 = 0. Suppose -59 = 5*q + n. Let g = -7 - q. Is g a composite number?
False
Let v(m) = 224*m**2 - 2*m + 1. Let b be (-6 - -64)*(-2)/4. Let c = 30 + b. Is v(c) composite?
False
Suppose -2*h + 13 = 3, -4*h + 402 = 2*u. Let l(i) = -i**3 + 5*i**2 - 3*i. Let q be l(4). Suppose -q*p + 573 = -u. Is p composite?
False
Let k = 22 + -18. Suppose k*m + 175 = 3*s - 826, 5*m = 4*s - 1335. Is s prime?
False
Suppose -29490 = -5*d - 5*d. Suppose 4*t + d = 5*z, -z = t + 18 - 606. Is z prime?
False
Let v(m) = 135*m - 8. Let j be v(-9). Let f = j + 1764. Is f a prime number?
True
Suppose 3*o = -3*u + 15, 2*u = 5*o + 36 - 5. Suppose 5*n - 4*f - 530 + 59 = 0, 0 = -2*f - u. Is n a composite number?
True
Suppose 2*h + 3*x - 4 = 0, 4*h - 7*x + 2*x = -36. Let a(r) = -60*r - 7. Is a(h) a composite number?
False
Suppose -22 = -3*i - 0*z + 2*z, -4*i + 26 = -2*z. Suppose 0 = -s + 9 - 4, i*s = 4*r - 4512. Is r a prime number?
False
Suppose -4*d = -3*z - 53299, -13 = -3*z - 4. Is d prime?
True
Let i(u) = -u**2 - 8*u + 6. Let c be i(-8). Suppose d - 41 = 4*x, 180 = -d + c*d + 5*x. Is d a prime number?
True
Let p(n) = 89*n**2 - n - 9. Let w(u) = u**2 - u + 1. Let t(q) = p(q) + 4*w(q). Is t(-2) a prime number?
False
Let x(h) = -h**3 - 5*h**2 - 3*h - 12. Let p be x(-5). Is 525/p - (-5 - -2) composite?
True
Suppose 0 = 4*z + 3*h - 7811, -2*z - 594 = -3*h - 4477. Is z a prime number?
True
Let g(b) = b**3 - 2*b**2 - 4*b + 1. Let k be g(3). Let h(m) = m**3 + 3*m**2 - 1. Let t be h(k). Suppose z - 508 = -t*z. Is z a composite number?
False
Suppose -4 = 5*s + 2*t, 3*s = -2*s + 4*t + 8. Let f be -1 + (s - -3) + 9. Suppose 0 = -f*p + 6*p + 385. Is p composite?
True
Let n(q) = 8*q**2 - 7*q + 23. Is n(10) composite?
True
Let r be (-10)/(-4) + 8/(-16). Suppose 0 = r*b + 1671 + 109. Is (-8)/10*b/4 a prime number?
False
Suppose 0 = 326*t - 321*t - 87105. Is t prime?
False
Let x(h) = -14 + 2*h**3 - 7*h - 3*h**3 - 19*h - 14*h**2. Is x(-19) a prime number?
False
Suppose 4*o = 4*b - 44, -6*o - 12 = -2*o. Suppose 1431 + 5585 = b*d. Is d composite?
False
Let c(g) = 2*g**3 + 8*g**2 + 6*g - 14. Let t be c(-6). Is (t/6)/((-10)/30) prime?
True
Let l(v) = 3*v + 44. Is l(5) prime?
True
Let k = -3461 - -7788. Is k prime?
True
Suppose 0 = 2*d + 2*b - 568, 118 + 178 = d + 4*b. S